(0 + 10779)*((-125)/(-15) - h) a composite number?
False
Let a be (-3)/21 + (-30)/(-14). Let m(c) = -c**2 - 2*c**2 + 15 + 6*c**a - 4 + 10*c - 2*c**3. Is m(-6) a prime number?
True
Let f(o) = -177*o**3 - 8*o**2 - 69*o + 13. Let w be f(-6). Let d = w + -7136. Is d a prime number?
False
Let j(i) = -2*i**3 - 20*i**2 + 2*i**3 - i**3 + 39 + 26*i + 16. Suppose 5*s - 15 + 125 = 0. Is j(s) a prime number?
False
Is (-2 + 0 + -110539)*((-117)/27 + 4) prime?
True
Let n = -399 + 781. Let z be 1/((-1)/(-4 - -1)). Suppose -4*d - n = -2*k, -553 = -6*k + z*k + d. Is k a prime number?
False
Suppose 4*u = -4*g + 688540, -114*u - 4*g - 344288 = -116*u. Is u prime?
False
Let b(r) = 21265*r + 3217. Is b(4) composite?
True
Suppose -r - 3*h = -69614, -6*h + 7*h - 69608 = -r. Is r a prime number?
False
Let q(a) = 6206*a - 13 - 10 + 6 - 522*a. Is q(2) a prime number?
True
Let j be (-4)/(-5)*(-115)/(-46). Is j - 0 - -2 - (-26056)/8 prime?
False
Is -10 + 14 + 5 + 17558 composite?
True
Let v(l) be the third derivative of l**6/120 - 17*l**5/60 + 19*l**4/24 - 10*l**3/3 - 14*l**2. Let i be v(18). Let m = 1039 - i. Is m a prime number?
False
Let a(r) = r**2 - r. Let v(l) = 48*l**2 - 6*l - 4. Suppose 3*f - 19 = -16. Let b(t) = f*v(t) - 2*a(t). Is b(-3) composite?
True
Let q(o) = -o**3 + 9*o**2 - 7*o - 6. Let a be q(8). Suppose n = a*p + 7, -2*p - 5 + 0 = -3*n. Is 1 - -606 - p/1 a composite number?
True
Suppose -5*r + 5*a + 2877065 = 0, -15*a + 2301636 = 4*r - 11*a. Is r a prime number?
False
Let p = -10 - -12. Suppose -4263 = -s + p*j + 2*j, 3*s = -5*j + 12823. Is s composite?
False
Let f = 47 - 43. Suppose z + k - 8091 = -4*k, 4*z = f*k + 32244. Let m = -1687 + z. Is m prime?
True
Let w = 483133 + -159822. Is w prime?
False
Suppose -x + 993 = -t, 3*x = -3*t - 2*x - 2995. Let g = -486 - t. Is 2 + g/(1 - 0) composite?
True
Let t(j) = 3730*j**2 + 45*j - 87. Is t(2) a composite number?
False
Suppose a + 2211 - 27597 = -5*y, -5*y + 50767 = 2*a. Is a a prime number?
False
Let u = 838 + -273. Let m = 311 - 199. Suppose 2*z - 451 = -3*i - m, -5*i = 5*z - u. Is i a prime number?
True
Suppose z + 2*z - 4*z = 0. Suppose -c = -5*c - u + 17288, -3*c + 5*u + 12943 = z. Is c composite?
True
Let n(s) = -1081*s + 944. Is n(-15) a composite number?
False
Suppose c - 4*c = 4*k + 3078, 3*c = 6. Let h be 1 + -406 - (-640)/128. Let s = h - k. Is s a prime number?
False
Let n(x) = 4*x**3 - 4*x**2 + 8*x - 14. Let j be n(6). Let r = -480 + j. Let g = 513 + r. Is g a prime number?
True
Let t = 110 - 107. Suppose t*f = f + 10. Suppose -2*n + r + 33 = -0*n, -2*r + 105 = f*n. Is n a composite number?
False
Let n = 101538 - 49501. Is n a composite number?
True
Let r(z) be the second derivative of z**5/20 + z**4/4 - 5*z**3/3 - 9*z**2/2 - 7*z + 5. Is r(7) a prime number?
False
Let v be (-180)/12*(-1)/3. Suppose 4093 = 4*k + v*h - 384, 0 = 5*h - 5. Suppose 2*l + k = 2*p, l = 2*p - 0*l - 1122. Is p prime?
True
Suppose -3*f - 5476 + 68112 = 5*r, 2*f = -5*r + 62634. Suppose 14*b + r = 74336. Is b a composite number?
True
Suppose 3*i + 6 = -3*a, 3*a = -0*a + 2*i + 4. Suppose -4*g + 3*o + 10147 = a, -3*g + 12655 = 2*g + 2*o. Is g prime?
False
Suppose -w - 2*w = 4*j - 20, 0 = 4*w. Suppose 0 = 2*q - 4*s - 8766, -7*s - 26995 = -j*q - 5065. Is q a prime number?
False
Suppose r - 10 - 2 = 0. Suppose -o - 2*a - 3*a = -24, 4*o = a + r. Suppose 3*q + 0*q - 703 = -2*l, -930 = -o*q + l. Is q a prime number?
True
Let l = -124 + 123. Let s(y) = -5622*y**3 + 2*y**2 + 4*y + 3. Is s(l) prime?
True
Let d be 50369/44 - 3/4. Let x = d - 2164. Let k = 1661 + x. Is k composite?
False
Is 15/40*31718*(-9)/((-216)/64) a composite number?
True
Let d = 31404 - -145567. Is d prime?
False
Suppose -2*a = 7*a - 324. Let y = a + -34. Suppose l - 413 = -f, -y*f - 703 = -3*l + 516. Is l a composite number?
False
Let k be 76*1 - (-1)/1. Is -1842*(k/21 + -4) a prime number?
False
Let a(r) = 5963*r**2 - 9*r + 52. Let g be a(8). Is 1/(-2) - (g/(-8))/21 prime?
False
Let b(f) = 14*f**2 + 2*f + 7. Let u = -116 - -162. Suppose 0 = 51*v - u*v - 25. Is b(v) a composite number?
False
Let a be (1 + -2)/(-5*(-10)/(-600)). Suppose a*y = 13*y - 3027. Is y composite?
True
Let u(z) be the second derivative of -143*z**3/6 + 15*z**2/2 + 126*z. Let h(q) = 2*q + 2. Let n be h(-3). Is u(n) a prime number?
True
Let x(d) = -3528*d - 1273. Is x(-8) prime?
True
Suppose -218*o + 66184 = -210*o. Is (o - (-5 + 13)) + -4 prime?
False
Let l(a) = -2*a**2 - 5*a + 7. Let f be l(-3). Suppose 125 + 5787 = f*u. Suppose 0 = -5*c - i + 3695, c = -c + 5*i + u. Is c a prime number?
True
Let d(i) = 4011*i**2 - i - 1. Suppose 25*z - 10*z - 15 = 0. Is d(z) composite?
True
Let h = 3 - 47. Let j = 44 + h. Suppose 900 = 4*c - 4*p, j*p - 902 = -4*c + 5*p. Is c composite?
False
Let o(f) be the first derivative of 189*f**2/2 + 17*f + 15. Is o(10) a prime number?
True
Let p(o) = 21*o + 47. Let u be p(-11). Let x = u - -338. Suppose x = 2*r + 62. Is r a prime number?
False
Let x(y) = -25*y**2 + 2*y - 8. Let d be x(0). Is (16087/3)/((d - 0)/(-24)) composite?
False
Suppose 304 + 86 = 6*a. Let y = 71 - a. Is (6 + (2 - y))*(-331)/(-2) a prime number?
True
Suppose -14*v = -7*v + 17031. Let b = v + 4420. Is b composite?
False
Let m(g) = -g**2 + 5*g - 7. Let y be m(5). Let l(n) = 4*n**2 + 0*n**2 + 3*n - 808 + 5*n**2 + 816 - n**2. Is l(y) a composite number?
False
Let h(c) = -98*c + 9. Let a be ((-5)/5)/(1 + 0) + 62. Let w = a - 64. Is h(w) prime?
False
Let j(t) = -501*t + 259. Let n be j(6). Let w = n - -15688. Is w a prime number?
True
Let o = 7220 + -1376. Let z = o - 4151. Is z composite?
False
Suppose a = 4*a - 2379. Let s = a - -6490. Is s a prime number?
True
Suppose 35*w - 3*i = 32*w + 483009, 5*i = -30. Is w a composite number?
False
Suppose -27*s = -28*s + 13. Suppose -2*z - 5687 = -5*a, s*z - 8*z + 1119 = a. Is a a prime number?
False
Let v be 2817/2 - (-5)/(-10). Let g = 688 - v. Let s = -239 - g. Is s composite?
True
Is 91911 + -1 + 9 + (6 - 7) + -9 a prime number?
True
Let d = 12 - 0. Suppose g = -3*n - 9, -d = g + 2*g + 4*n. Suppose -11*t + 8*t + 489 = g. Is t a composite number?
False
Let h(r) = -5*r - 48. Let p be h(-10). Suppose -p*x + 10475 = 3*x. Is x prime?
False
Let g(d) = -2*d**2 - 4*d - 8. Let z be g(0). Is (17 + 11)*(-26)/z a prime number?
False
Is -2*(2*2426/(-12))/((-30)/(-45)) prime?
True
Is 90486 - -19 - (2 - (-20)/5) prime?
True
Let g(z) = 813*z**2 - 264*z - 7. Is g(6) a composite number?
True
Let k(q) = 638*q + 21. Suppose 6*x = 5 + 13. Let z be k(x). Suppose 3*f + g - z = 3*g, -4*f - 5*g = -2603. Is f a prime number?
True
Let p(f) = 0 + 6 - 2 + 4*f + 1. Let m be p(0). Suppose -2*s = -5*t - 179, -m*s + 4*t = 3*t - 390. Is s a prime number?
False
Suppose -2*v - 267078 = -0*m - 4*m, -2*v = -m + 66768. Let c = -35573 + m. Is c prime?
False
Let l(x) = 349*x**2 - 10*x - 5. Let o(p) = -p + 16. Let a be o(12). Is l(a) a prime number?
False
Suppose -2*g = -65 - 281. Suppose 10*r = g - 43. Suppose -12*v + r*v = 1049. Is v prime?
True
Let l be 104429/39 + (-10)/45*3. Suppose -s + l = 2*d, 3*d = -5*s + 250 + 13107. Is s a composite number?
True
Let w(q) = -18*q**2 - 1. Let m be w(1). Let l(u) = -u**3 - 13*u**2 - 4*u + 37. Let z(a) = -a. Let c(n) = l(n) + 6*z(n). Is c(m) composite?
False
Let c be -2*(-6)/(-16)*4. Let d(x) = 150*x**2 + x + 5. Let u be d(7). Is c/(-12)*2 + u/4 prime?
False
Let j = 232345 + -78206. Is j a composite number?
True
Let g(y) = 1117*y**2 - 2*y. Let x be g(-3). Suppose 7*m + 1421 = x. Is m prime?
False
Let h(s) = s**3 - s - 1. Let u(v) = -3*v**3 - 8*v**2 + 21*v - 58. Let m(t) = 3*h(t) - u(t). Is m(9) a composite number?
False
Let h(g) = 8*g + 105. Let q be h(-12). Suppose q*k - 53986 + 6727 = 0. Is k a composite number?
True
Suppose 20*w - 36*w = -21*w + 66545. Is w a composite number?
False
Let k = -126 - -132. Let v be ((-3)/(k/56))/(1 + -3). Let c(i) = 6*i**2 + 14*i - 23. Is c(v) a composite number?
True
Suppose z + 65 = -2*g, -z + 31 - 98 = g. Let a = z + 66. Is a - (1 - 5) - -256 a prime number?
True
Suppose -5*t - 327886 = 3*s - 1387400, -4*s + 1412739 = -t. Is s prime?
False
Let p(r) = r**3 + 11*r**2 - 2*r - 16. Let o be p(-11). Let d be 115 - 1/(o + -5). Is d + 9 - (-1 + 3) composite?
True
Suppose -37*q = -32*q. Suppose q = 18*d - 125 - 361. Is 140